rs of 230960?
2, 5, 2887
What are the prime factors of 1869677?
17, 109, 1009
What are the prime factors of 929149?
13, 71473
List the prime factors of 142393.
23, 41, 151
List the prime factors of 642795.
3, 5, 42853
What are the prime factors of 178133?
53, 3361
What are the prime factors of 8790243?
3, 7, 11, 38053
What are the prime factors of 2034130?
2, 5, 7, 29059
What are the prime factors of 221250?
2, 3, 5, 59
List the prime factors of 4182372.
2, 3, 116177
What are the prime factors of 423788?
2, 53, 1999
What are the prime factors of 19689466?
2, 9844733
What are the prime factors of 4197570?
2, 3, 5, 13, 47, 229
List the prime factors of 4435408.
2, 277213
List the prime factors of 159198.
2, 3, 13, 157
What are the prime factors of 3657001?
157, 23293
What are the prime factors of 570601?
570601
List the prime factors of 1741489.
61, 28549
List the prime factors of 6154983.
3, 683887
What are the prime factors of 2937581?
2937581
List the prime factors of 21761924.
2, 89, 61129
What are the prime factors of 1055384?
2, 11, 67, 179
What are the prime factors of 739119?
3, 19, 12967
List the prime factors of 73502.
2, 11, 13, 257
What are the prime factors of 1671993?
3, 37, 5021
List the prime factors of 8183680.
2, 5, 19, 673
List the prime factors of 2052557.
13, 157889
List the prime factors of 333554.
2, 13, 12829
List the prime factors of 3628157.
13, 17, 16417
What are the prime factors of 17322649?
47, 67, 5501
What are the prime factors of 531348?
2, 3, 44279
List the prime factors of 220212.
2, 3, 2039
List the prime factors of 6507483.
3, 2169161
What are the prime factors of 4752372?
2, 3, 396031
What are the prime factors of 1895534?
2, 17, 197, 283
List the prime factors of 108552.
2, 3, 4523
What are the prime factors of 34527047?
19, 1817213
List the prime factors of 46162.
2, 23081
List the prime factors of 818421.
3, 272807
What are the prime factors of 2281157?
151, 15107
List the prime factors of 5679683.
17, 334099
List the prime factors of 30161.
30161
What are the prime factors of 1481500?
2, 5, 2963
List the prime factors of 288866.
2, 97, 1489
What are the prime factors of 148238?
2, 19, 47, 83
What are the prime factors of 1333148?
2, 333287
List the prime factors of 13688459.
439, 31181
List the prime factors of 240263.
240263
List the prime factors of 200708.
2, 50177
What are the prime factors of 567480?
2, 3, 5, 4729
What are the prime factors of 1876473?
3, 69499
What are the prime factors of 1718855?
5, 343771
List the prime factors of 71563.
71563
List the prime factors of 389523.
3, 129841
List the prime factors of 80348.
2, 53, 379
List the prime factors of 4655089.
227, 20507
What are the prime factors of 124691?
7, 47, 379
List the prime factors of 13734195.
3, 5, 915613
List the prime factors of 4857219.
3, 179897
What are the prime factors of 19712799?
3, 2190311
List the prime factors of 805057.
11, 163, 449
List the prime factors of 191329.
293, 653
What are the prime factors of 574587?
3, 13, 1637
What are the prime factors of 25920035?
5, 5184007
What are the prime factors of 217872?
2, 3, 17, 89
List the prime factors of 37367.
11, 43, 79
List the prime factors of 3057737.
503, 6079
List the prime factors of 746405.
5, 11, 41, 331
List the prime factors of 5730032.
2, 7, 11, 4651
What are the prime factors of 201225?
3, 5, 2683
What are the prime factors of 1245318?
2, 3, 17, 29, 421
List the prime factors of 890837.
71, 12547
What are the prime factors of 1270083?
3, 23, 79, 233
What are the prime factors of 21218939?
7, 1061, 2857
What are the prime factors of 473829?
3, 59, 2677
What are the prime factors of 10437926?
2, 53, 59, 1669
What are the prime factors of 1343958?
2, 3, 7, 11, 2909
List the prime factors of 125019.
3, 29, 479
What are the prime factors of 406272?
2, 3, 23
List the prime factors of 1704919.
1704919
List the prime factors of 522203.
11, 29, 1637
List the prime factors of 159868.
2, 17, 2351
List the prime factors of 519346.
2, 19, 79, 173
List the prime factors of 14232406.
2, 19, 374537
What are the prime factors of 273324?
2, 3, 22777
List the prime factors of 2749513.
13, 211501
What are the prime factors of 228366?
2, 3, 4229
What are the prime factors of 124186?
2, 31, 2003
What are the prime factors of 849198?
2, 3, 7, 20219
What are the prime factors of 186221?
7, 37, 719
List the prime factors of 4845814.
2, 2422907
What are the prime factors of 7616929?
19, 503, 797
List the prime factors of 316475.
5, 12659
List the prime factors of 1531678.
2, 41, 18679
What are the prime factors of 1111375?
5, 17, 523
What are the prime factors of 113309?
7, 16187
List the prime factors of 2502968.
2, 13, 41, 587
List the prime factors of 170107.
7, 19, 1279
List the prime factors of 94028.
2, 11, 2137
What are the prime factors of 6022017?
3, 669113
List the prime factors of 651135.
3, 5, 83, 523
List the prime factors of 1295611.
1295611
What are the prime factors of 212417?
37, 5741
List the prime factors of 4765068.
2, 3, 7, 11, 191
List the prime factors of 238659.
3, 19, 53, 79
List the prime factors of 6909719.
6909719
List the prime factors of 6315709.
6315709
What are the prime factors of 7799944?
2, 23, 42391
List the prime factors of 129681.
3, 1601
List the prime factors of 9833926.
2, 23, 71, 3011
List the prime factors of 2417891.
7, 345413
What are the prime factors of 131238?
2, 3, 23, 317
What are the prime factors of 3222613?
3222613
List the prime factors of 721010.
2, 5, 72101
What are the prime factors of 812250?
2, 3, 5, 19
List the prime factors of 225163.
225163
What are the prime factors of 9132523?
47, 194309
List the prime factors of 227771.
43, 5297
List the prime factors of 19843216.
2, 17, 72953
What are the prime factors of 4611042?
2, 3, 256169
List the prime factors of 1087882.
2, 127, 4283
List the prime factors of 3723828.
2, 3, 37, 8387
What are the prime factors of 29220?
2, 3, 5, 487
List the prime factors of 27059570.
2, 5, 2705957
What are the prime factors of 167464?
2, 11, 173
List the prime factors of 1350027.
3, 7, 2381
List the prime factors of 25125433.
25125433
What are the prime factors of 174490?
2, 5, 17449
List the prime factors of 3182676.
2, 3, 7, 37889
What are the prime factors of 1167363?
3, 129707
What are the prime factors of 190137?
3, 61, 1039
What are the prime factors of 528032?
2, 29, 569
What are the prime factors of 322161?
3, 7, 23, 29
What are the prime factors of 134829?
3, 71, 211
List the prime factors of 9027471.
3, 3009157
List the prime factors of 1819763.
11, 19, 8707
List the prime factors of 11340485.
5, 13, 174469
What are the prime factors of 5555515?
5, 7, 17, 9337
List the prime factors of 4540975.
5, 181639
What are the prime factors of 110116?
2, 27529
What are the prime factors of 2420841?
3, 806947
List the prime factors of 11503481.
11, 907, 1153
List the prime factors of 1538108.
2, 11, 13, 2689
What are the prime factors of 10583071?
1699, 6229
What are the prime factors of 9786972?
2, 3, 13, 43, 1459
List the prime factors of 225266.
2, 163, 691
List the prime factors of 590169.
3, 127, 1549
List the prime factors of 90299.
11, 8209
List the prime factors of 28173769.
13, 83, 26111
List the prime factors of 10325662.
2, 5162831
What are the prime factors of 243037?
47, 5171
List the prime factors of 7499457.
3, 7, 119039
List the prime factors of 610947.
3, 67883
What are the prime factors of 2087260?
2, 5, 7, 17, 877
List the prime factors of 349970.
2, 5, 79, 443
List the prime factors of 8166884.
2, 11, 19, 9769
List the prime factors of 442538.
2, 409, 541
What are the prime factors of 1482234?
2, 3, 13, 31, 613
What are the prime factors of 351453?
3, 193, 607
What are the prime factors of 2766124?
2, 691531
What are the prime factors of 286161?
3, 17, 31, 181
List the prime factors of 516258.
2, 3, 23, 29, 43
List the prime factors of 1416559.
17, 103, 809
What are the prime factors of 1895811?
3, 631937
What are the prime factors of 5101213?
13, 89, 4409
What are the prime factors of 30346709?
59, 83, 6197
What are the prime factors of 219392?
2, 857
List the prime factors of 5496067.
1553, 3539
List the prime factors of 19056765.
3, 5, 7, 13, 23, 607
What are the prime